+ 3*z - 10. Let b(r) = 2*r**2 + r - 5. Suppose 0*t - 10 = -2*t. Let s(v) = t*b(v) - 3*p(v). Let f be (2*(-4)/6)/(7/21). Give s(f).
-11
Let m(z) = 2*z**2 + 7*z + 3. Let x(r) = r**2 + 3*r + 1. Let u(q) = -3*m(q) + 5*x(q). Let y(i) = i**3 - 4*i**2 - 4*i - 11. Let d be y(5). What is u(d)?
-4
Let m(b) = -3*b - 3. Let g(w) = 3*w - 19. Let d be g(8). Suppose -4*x = -d*n + 8, 4*x + 8 = -0*x + n. What is m(x)?
3
Let b = -502 - -509. Let r(o) = -2*o - 1. Calculate r(b).
-15
Let i(h) = 2 + 4*h - 3*h + h + 1. Suppose -a = -2, -3*a + 16 = -3*m + 8*m. Let w be ((-24)/(-20) - m)*5. What is i(w)?
-5
Let v(c) = c**2 + 10*c. Suppose -45 = 5*w + 2*g, -36 = 4*w - 2*g + 5*g. Calculate v(w).
-9
Let l(p) = -p**3 + p**2 + 8. Let w(u) = -3*u**3 + 4*u**2 + 24. Let s(b) = -17*l(b) + 6*w(b). Suppose 6*n - 677 = -635. Calculate s(n).
8
Let x(n) be the first derivative of -n**4/4 - 14*n**3/3 - 6*n**2 + n + 382. What is x(-13)?
-12
Let n(d) = 5 - 5*d - 4 - 2*d**2 - 4 + d**3. Let b(x) = -2*x**2 + 6*x. Let f be b(4). Let o be -6 - (f + 4) - -6. What is n(o)?
9
Let k(j) be the second derivative of -j**5/20 - 5*j**4/12 + 4*j**3/3 + 3*j**2/2 + j. Let x(a) = 34*a**3 + a - 1. Let g be x(1). Let d = g - 40. What is k(d)?
-9
Let a(f) be the third derivative of -f**6/120 - f**5/12 - f**4/12 + f**3/6 + f**2. Let v = 81 + -109. Let p be 147/v + (-1)/(-4). Determine a(p).
11
Let c(g) = -g**3 - 5*g**2 - g - 1. Let y(u) = -u**2 - 29 + 71 - 8*u - 37. Let w be y(-9). What is c(w)?
-13
Let w(p) = 3*p**2 + p - 4*p**3 - 4*p**2 + p**2. Let u be w(-1). Let y(a) = 2*a + 2*a - a**2 - 3*a + 5*a**u. Determine y(1).
5
Let u(n) = -3*n**3 + n**2 - n. Let l = -27 + 28. Suppose 0 = 42*i - 43*i + l. What is u(i)?
-3
Let d(s) = 2*s - 20. Let u(i) = -i + 10. Let o(c) = -2*d(c) - 5*u(c). Let b(k) = -k**3 - 9*k**2 - 9*k - 2. Let r be b(-8). Give o(r).
-4
Suppose -2*j = 14*f - 16*f - 16, 0 = -4*j - 5*f + 59. Let m(h) = 2*h - 17. Calculate m(j).
5
Let o(y) be the second derivative of -y**5/20 + 2*y**4/3 + 5*y**3/3 + 2*y**2 - 179*y. Determine o(9).
13
Let s(j) = -3*j**3 - 2*j**2 - 5*j - 10. Let w(f) = f**3 + f**2 + 2*f + 5. Let g(c) = 2*s(c) + 5*w(c). Suppose 4*k = -0*k. Let l = 0 - k. What is g(l)?
5
Let g be (-105)/30*(-3 - -1)*-1. Let l(x) = -x**2 - 6*x + 6. What is l(g)?
-1
Let r be (3/2)/(90/3). Let d(y) be the third derivative of 1/24*y**4 + 0*y + 1/3*y**3 + 0 - r*y**5 - 4*y**2. Determine d(-2).
-12
Let q(n) = -n**2 - 2*n. Suppose -5*w + l + 23 = 0, -2*l = w + w - 2. Let v(g) = 4 - 11 - 9 + 5*g - w*g. Let c be v(13). Calculate q(c).
-3
Suppose -5*d - 7 + 12 = 0. Let i be (-2)/((-2)/d)*8/(-4). Let v(u) = 4*u + 5. What is v(i)?
-3
Let i(o) = o**2 + 10*o - 23. Suppose -54*a - 240 = -30*a. What is i(a)?
-23
Let l(q) = -q**2 + 1. Let b(x) = x**3 + 5*x**2 + 5*x + 4. Let k(z) = -3*z**2 + 18*z - 1. Let w be k(6). Let c(y) = w*b(y) + 2*l(y). What is c(-6)?
-8
Let s(y) = -y**3 + 20*y**2 - 20*y + 3. Let m be (-228)/(-12)*(-5 + 4 + 2). Determine s(m).
-16
Let w(s) = 5*s**2 + s + 11. Let q(m) = -13*m**2 - 4*m - 23. Let c(j) = -2*q(j) - 5*w(j). Calculate c(5).
31
Suppose 4*m - 41 = -5*k, -5*m + 4*k - 10*k = -52. Let h(p) = p**2 - 14*p - 16. Calculate h(m).
-16
Suppose 0 = -4*w - 3*p + 80, -p + 95 - 15 = 4*w. Suppose i = -3*h + w, 3*i + 44 = 5*h - 8. Let c(m) = m**3 - 7*m**2 - 10*m + 6. Calculate c(h).
-10
Let s be -2*(-2)/(-6) - (-20)/(-6). Let t(g) = 4*g**3 - 4*g**2 + 4*g + 7. Let f(k) = -3*k**3 + 3*k**2 - 3*k - 6. Let a(u) = s*t(u) - 5*f(u). Determine a(2).
-4
Let t(d) be the first derivative of -3*d**2/2 + 3*d + 84. Determine t(4).
-9
Let l(j) = j. Let o = -1541 - -1539. Calculate l(o).
-2
Let a(q) be the third derivative of -q**6/120 + q**5/15 + q**4/8 - 3*q**3/2 + 580*q**2. Determine a(4).
3
Let r(z) be the first derivative of z**2/2 + 5*z + 545. Give r(11).
16
Let y(a) = a + 2. Suppose -44*d + 31*d = -26. Calculate y(d).
4
Let p(k) = -14*k + 13*k - 82 + 27 + 39. Give p(0).
-16
Let k be 6*-4*(-2)/16. Let u(o) = k*o**2 - 296 - o**2 + o + 292 - o**3. Calculate u(3).
-10
Let i = 27 - 16. Suppose 0 = i*s - 7*s + 4. Let o(z) = 3*z**2 - 2*z - 1. Let t be o(s). Let v(h) = h**2 - 2*h - 5. Calculate v(t).
3
Let j = 7 - 12. Suppose 0 = -5*u + k + 20, 5*u - 2*k - 3*k = 0. Let f(p) = 3*p**2 + 4*p - 4*p**2 - 3 + u + 2*p**2. What is f(j)?
7
Let c(s) = -2*s - 3. Suppose z + 108 = 112. What is c(z)?
-11
Suppose -715 + 49 = -9*w. Let v(h) = -w*h + 150*h - 75*h + 0 - h**2 + 1. Determine v(-2).
-5
Suppose -4*k + 4*x + 20 = 0, 3*x + 2*x = -3*k + 7. Let y = 34 + -34. Let g(a) = y*a + 2*a + 23 - 44 + 19. Determine g(k).
6
Let i(u) = -10 - 10268*u**2 - 2 + 9*u + 10267*u**2 - 5. What is i(5)?
3
Let w(g) be the third derivative of -g**6/120 - 2*g**5/15 - g**4/3 + g**3/3 - 214*g**2. Determine w(-7).
9
Let i(n) be the second derivative of n**4/12 - 4*n**3/3 - 6*n**2 + 22*n. Calculate i(11).
21
Let i(l) = 2*l**2 + 4*l + 3. Let o = -889 - -887. Determine i(o).
3
Let s(j) = j**2 + 7*j - 4. Let l(p) = 6*p - 4. Let n(z) = z - 1. Let y(v) = l(v) - 5*n(v). Let q(x) = -s(x) + 3*y(x). Calculate q(-5).
2
Let v(j) = -j**2 + 14*j - 35. Let d = -1649 - -1660. What is v(d)?
-2
Let u(h) = -28 - 42 + h + 110 - 33. Determine u(-5).
2
Let c(g) = -2*g**2 - g. Suppose 20 = 2*l - 3*l - 5*r, -l + 30 = -5*r. Suppose -2*s - o + 15 = 2*o, -l*s = -3*o - 6. Suppose 0 = -s*h - h + 4. Calculate c(h).
-3
Let n(s) be the third derivative of -s**6/120 + s**5/60 - s**3/6 - 17*s**2. Let l = -3 + 2. Determine n(l).
1
Let m(g) = -5*g - 5. Suppose 0 = 4*v + 21 - 1, v + 9 = 2*t. Let q be ((-16)/12)/(t/(-18)). Suppose -4 = 4*w + q. What is m(w)?
15
Let r(i) = -4*i**2 + 2*i - 2. Suppose 4*k = -30 - 270. Let q = k - -77. Give r(q).
-14
Let m(h) = h - 8. Let a be m(7). Let p(l) = -l**3 + l**2 + l + 1. Let n(f) = 3*f**3 - 4*f - 3. Let i(o) = a*n(o) - 2*p(o). What is i(-2)?
-3
Suppose -2*w + 12 = 3*q, 8*q - 10*q + 14 = 2*w. Let f(r) = r**2 - 13*r + 4. What is f(w)?
-32
Let m(p) = -6*p - 3 + 9*p + 5 + 3 + 4*p. Give m(-2).
-9
Let u(w) = w + 1. Let c(v) = -52*v - 4. Let f(t) = -c(t) + 3*u(t). Let q(l) = -18*l - 2. Let m(n) = 2*f(n) + 7*q(n). Determine m(1).
-16
Suppose 5*h + 41 = -d, -16 - 42 = 3*d + 2*h. Suppose -2*l - 15 - 5 = 0. Let p = d - l. Let o(x) = x**3 + 5*x**2 - 7*x + 1. Give o(p).
7
Let l = 8 - -3. Let s = -12 + 6. Let h = l + s. Let r(b) = b**2 - 4*b - 4. Calculate r(h).
1
Let h(o) = 4*o + 1 + 13480*o**2 - 13476*o**2 - o. Calculate h(-2).
11
Suppose -16*q + 240 = -4*q. Let h(b) = -b + 15. What is h(q)?
-5
Let v(k) = -k**2 - 6. Let y be v(0). Let i(c) = -3*c + 31. Let n(o) = -o + 15. Let u(x) = -2*i(x) + 5*n(x). Calculate u(y).
7
Let h(z) = -7*z - 23. Let y(q) = 4*q + 13. Let l(x) = 3*h(x) + 5*y(x). Suppose -5*i = -3*n + 15, -15 = -0*i + 5*i + 2*n. What is l(i)?
-1
Let l(q) be the first derivative of 2*q**2 - 3*q - 31. Let v = 17 - 9. Suppose -v = -0*u - 4*u. Give l(u).
5
Let t(g) be the second derivative of -4/3*g**4 + 0 + 40*g - 1/2*g**2 + 0*g**3. What is t(-1)?
-17
Let s(g) be the second derivative of 2*g**3/3 - 5*g**2/2 - 24*g + 2. Calculate s(4).
11
Suppose 4*g + 7 = 9*q - 4*q, -3*g + 4*q = 6. Let r(x) = x - 3*x - g + 3*x. Determine r(-2).
-4
Let t(r) = -r**3 - 3*r**2. Let m be t(-2). Let d be 2 + 4 + m + 0. Suppose -5 = d*l - 7*l. Let n(f) = 5*f + 1. Determine n(l).
6
Let u(q) = 2*q + 3. Let n(g) = -4*g**2 - 8*g - 7. Let r be n(-2). What is u(r)?
-11
Let d(a) = -15*a**2 + 6*a + 6. Let q(i) = 19*i**2 - 5*i - 5. Let m(y) = 5*d(y) + 4*q(y). What is m(-7)?
-11
Let d(g) be the second derivative of 0 - 5*g - 7/6*g**3 + 0*g**2. Calculate d(1).
-7
Let b(i) be the third derivative of i**6/120 + i**5/10 + i**4/4 + 5*i**3/6 + i**2. Let k(q) = -2*q + 3. Let v be k(4). What is b(v)?
0
Let b(y) be the first derivative of 5*y**3/3 - y**2/2 - 3*y - 451. Calculate b(3).
39
Let v(j) be the second derivative of j**4/12 - j**3/2 - 3*j**2/2 - 5*j + 9. Determine v(3).
-3
Let a(c) = -26*c + 25*c - 14 + 4 + 9. Let u(y) = y + 14. Let w be u(-6). Suppose 0 = -k - k + w. What is a(k)?
-5
Suppose 0 = -2*j - 2*j. Suppose 10 = 5*v - j. Let l(h) = -3 - h**2 + 4*h**2 + v. Calculate l(1).
2
Let j be 42/(-5) - (-30)/75. Let s(v) = v**2 + 6*v - 4. Give s(j).
12
Let q(s) = -s**3 + 5*s**2 - s - 8. Let v be q(4). Let z(p) = -4*p - 4*p + 2 - 3*p + 6*p. Calculate z(v).
-18
Let d(p) = -7 + 4 - 6 - 2*p - 6